at is the greatest common factor of 32 and g?
16
Suppose 0*u + 4*u = 12. Let o be (u + (2 - -1))/2. Suppose 6*k - k = 5*d + 130, -d + 79 = 4*k. Calculate the greatest common divisor of o and k.
3
Let q be 28/(-3)*(-378)/49. Let n = -49 - -85. Calculate the greatest common factor of q and n.
36
Let b be (7 + -13 - -6) + (278 - -1). Calculate the highest common factor of b and 27.
9
Suppose 0 = 5*w - 121 + 26. What is the highest common divisor of w and 304?
19
Suppose 9*k - 14*k + 570 = 0. Suppose -90 = -4*t + 3*l, 2*t - 3*l - k = -3*t. Let a be 498/t + 9/(-12). Calculate the highest common divisor of a and 4.
4
Let w(c) = 3*c**2 + 66*c + 38. Let b be w(-22). What is the highest common factor of 342 and b?
38
Suppose -c = 4*u + 4*c + 8, -3*c = -4*u + 24. Let q be (3 + -6)*764/(-12). Suppose -u*w + q + 139 = 0. Calculate the greatest common factor of 22 and w.
22
Let l = 36 + -34. Suppose 224 = l*v + 2*k, v = -7*k + 4*k + 106. Calculate the greatest common divisor of v and 46.
23
Let k be (-2 - (-30)/21) + 4641/147. What is the greatest common divisor of k and 31?
31
Let w = 4558 + -2347. What is the greatest common factor of w and 33?
33
Let l be 144/60 + (2/5)/(-1). Let t be (16/(-5))/(2/(-20)). Calculate the highest common divisor of t and l.
2
Let n = 143 + -103. Calculate the greatest common factor of n and 56.
8
Let g = -24 + 38. Suppose -2*t + t + 5*j = -84, 3*j = -5*t + 504. Let w be (-4)/18 + 1408/t. Calculate the highest common factor of g and w.
14
Suppose -9*h + 202 = -122. Calculate the highest common factor of 168 and h.
12
Let y be (-73)/(-5) + 4/10. Suppose -c + 2 + y = 0. Let l(x) = -31*x - 975. Let w be l(-32). What is the greatest common factor of w and c?
17
Let r(x) = 7*x**3 + 2*x**2 - 4*x**3 - 5*x + 4*x. Let d be r(1). Suppose -34*t + 198 + 74 = 0. Calculate the greatest common divisor of d and t.
4
Suppose 1710 = 15*q - 990. What is the highest common factor of q and 108?
36
Let v(g) = -4*g**3 + 2*g**2 + 2. Let k be v(-2). Suppose -84 = -3*y - k. Let c be 70/(-6)*3/(-1). What is the greatest common factor of c and y?
7
Let w(n) = 203*n**2 + 3*n - 2. Let h be w(-1). What is the highest common factor of h and 54?
18
Suppose -3 - 2 = -n. Suppose -b = -n, a = 2*b - 2 - 5. Suppose 2*d - 58 - 1 = 5*h, 0 = 5*d - a*h - 138. Calculate the highest common divisor of 297 and d.
27
Suppose 0 = 2*h - 4*z - 84, 236 = 6*h + 77*z - 73*z. Calculate the highest common divisor of 136 and h.
8
Suppose 4*r + 2 = -10, -r = 3*v + 3. Let o be (-2 - -77) + -1 + v + 1. What is the greatest common factor of o and 30?
15
Let a(k) = -131*k**3 - k**2 + k + 1. Let l be a(-1). Suppose 14*z - z = l. What is the greatest common factor of z and 30?
10
Let c = -32 - -35. Let o be c/(5/((-100)/(-6))). What is the highest common factor of 30 and o?
10
Let v be 0 + 0 - (1 + -23). Let b be (1/1)/(8/136). Let j be 134/2 + (b - 18). Calculate the highest common divisor of v and j.
22
Let g = 10 - 8. Suppose q - 1 = -h + 10, q + g*h = 14. Let l(i) = 2*i - 8. Let c be l(q). What is the greatest common factor of 32 and c?
8
Suppose 4*n + n = 0. Suppose n*l = 5*l - 10. Suppose -2*p - l*p = -196. Calculate the greatest common factor of 7 and p.
7
Suppose -2*c = 4*m + c, -5*m + 2*c = -23. Let b = m + -29. Let i = -22 - b. What is the highest common divisor of 36 and i?
4
Suppose -2*y + 5 = -7. Suppose 0 = -y*z + z. Let a be (-2 + z)/((-3)/48). What is the highest common factor of a and 48?
16
Suppose -18*r = r - 18734. What is the highest common divisor of 29 and r?
29
Let g(l) = 8*l**2 - 4*l + 8. Let w be g(2). Suppose 0 = 4*o - 8*o + w. Calculate the highest common divisor of o and 48.
8
Suppose 2*x - 2*c - 16 = 0, 0 = x + 2*c - 5 - 0. Suppose -x*m = -10*m + 660. What is the greatest common factor of m and 22?
22
Let s = 54 - 36. Suppose 0 = 5*t + 21 + 139. Let q = t + 59. Calculate the greatest common factor of q and s.
9
Let f(v) = 2*v**3 - 8*v**2 + 6*v - 15. Let t be f(5). Calculate the highest common divisor of 26 and t.
13
Suppose t - 1024 = 816. What is the greatest common divisor of 115 and t?
115
Let w be (1 - 6/8) + 87/4. Suppose -a - 5*c = -w, -3*c = -0*a + 3*a - 18. What is the greatest common divisor of 16 and a?
2
Let v be 12/42 - 897/(-21). Let d = v + -17. Let s(w) = -39*w. Let t be s(-1). What is the highest common divisor of d and t?
13
Let z = 43 + -120. Let c = -71 - z. What is the greatest common factor of 21 and c?
3
Suppose 0 = 2*g + 4*v - 552, -3*g + 1132 = g + v. What is the highest common divisor of g and 4?
4
Let l be -1 + 1 - (6 - 1). Let q = -6 - l. Let w = q + 3. Calculate the highest common factor of 8 and w.
2
Suppose 0 = 9*b - 18 - 18. Suppose -9*h + 4*h = -c + 153, b*c + 2*h - 612 = 0. Calculate the greatest common factor of 34 and c.
17
Suppose -6*r + 119 + 151 = 0. Calculate the highest common factor of 10 and r.
5
Suppose 5*v = -250 + 270. Let b be (-6)/(-33) + 80/44. Calculate the highest common factor of b and v.
2
Let l be (-28)/(-6) - (-10)/(-15). Let z = 11 - 8. Suppose -2*m = 2, -z*n - 140 = -7*n - 4*m. What is the highest common divisor of l and n?
4
Suppose 3*q - 607 = -4. Let n = -21 + q. What is the greatest common divisor of n and 20?
20
Suppose -28 = -3*r - 5*f + f, 0 = -3*r + 5*f + 19. Suppose m - j = -2*j + 17, 2*j = 4. Let b = m - r. Calculate the highest common factor of 7 and b.
7
Let g = -17 - -24. What is the greatest common divisor of 77 and g?
7
Let z(n) = -2*n**3 - 33*n**2 - 18*n. Let k be z(-16). What is the highest common divisor of k and 672?
32
Let o(u) = -2*u + 784. Let g be o(59). What is the highest common factor of 36 and g?
18
Let v = 59 - 30. Suppose 2*g - 19 = v. What is the greatest common factor of g and 24?
24
Let k = 882 + -697. Calculate the highest common divisor of k and 5.
5
Let y be 18*-2*((-5)/(-1))/(-30). What is the greatest common divisor of y and 150?
6
Let r(y) = -7*y - 5. Let j(z) = 6*z + 4. Suppose -4*a = -3*a - 3. Let w(s) = a*j(s) + 2*r(s). Let f be w(5). Calculate the greatest common divisor of 11 and f.
11
Suppose -11*k - k + 300 = 0. Calculate the greatest common divisor of 20 and k.
5
Let r(z) = 19*z - 160. Let u be r(10). What is the greatest common divisor of u and 8?
2
Suppose -4*u - 5*j + 1710 = u, -5*j + 10 = 0. Calculate the greatest common divisor of 68 and u.
68
Let j(s) = -s - 2. Let y be j(-7). Suppose -y*g + 2*g + 6 = 0. Suppose g*v = v + 23. Calculate the greatest common factor of v and 92.
23
Let q(c) = 5*c + 7 + 4*c**2 + 0*c**2 - 2*c**2. Let d be (-2 - 180/(-27))*3/(-2). Let o be q(d). What is the highest common divisor of o and 14?
14
Suppose 9 = -k + 57. Calculate the highest common divisor of 24 and k.
24
Let r = 9 + -7. Suppose 3*b - 2 = r*b. Calculate the greatest common factor of b and 2.
2
Suppose 2*r - 3*r + 42 = v, 52 = v + 3*r. Let s = 47 - v. What is the greatest common factor of s and 4?
2
Suppose -5*r + 133 = 2*r. Let h = 21 - r. Suppose 3*j = 3*w + 69, -w = j + h*w - 11. What is the highest common factor of j and 8?
4
Let k = 2187 - 2171. What is the greatest common divisor of k and 784?
16
Let t be 1 + -1 - (234/(-9) + 1). What is the greatest common divisor of 5 and t?
5
Let p(h) = -2*h**2 - 66*h + 18. Let r be p(-32). What is the highest common divisor of 1681 and r?
41
Suppose -2*a + 3900 = 8*a. What is the highest common factor of a and 30?
30
Let a = 698 - 677. Calculate the highest common factor of a and 840.
21
Let b(x) = -5*x**2 + 7*x + 15. Let o be b(0). Let d be -2*(-10)/(-16)*-4. Calculate the highest common divisor of d and o.
5
Let i be -2 + 15/3 - -2. Suppose 3*x - i - 1 = 0. Let s be (-59)/(-5) - x/(-10). Calculate the highest common divisor of s and 60.
12
Let a(n) = -20*n + 1. Let z be 1/(2/(-6 + 4)). Let g be a(z). What is the greatest common divisor of g and 7?
7
Let r = -21 - -7. Let t be (-384)/(-21) + 4/r. Let x = 90 + -45. Calculate the highest common factor of x and t.
9
Let n be 0 + (112/4 - 0/(-3)). Suppose 0 = 5*p - 15 - 15. Let s = 1 + p. Calculate the highest common factor of n and s.
7
Let n(x) = x**2. Let r be n(-3). Suppose -u = 2*z - 67, 80 = -4*z + 5*u + 249. Calculate the greatest common factor of r and z.
9
Let h be 3560/6*(12 + 21/(-2)). Calculate the greatest common divisor of 10 and h.
10
Let n be 37 + (3 -